 factors of 1447?
1447
What are the prime factors of 8259?
3, 2753
List the prime factors of 1078.
2, 7, 11
What are the prime factors of 1414?
2, 7, 101
List the prime factors of 4091.
4091
What are the prime factors of 26998?
2, 13499
List the prime factors of 1449.
3, 7, 23
List the prime factors of 6963.
3, 11, 211
List the prime factors of 1039.
1039
What are the prime factors of 1206?
2, 3, 67
What are the prime factors of 28993?
79, 367
List the prime factors of 80.
2, 5
What are the prime factors of 4457?
4457
List the prime factors of 4463.
4463
What are the prime factors of 3425?
5, 137
List the prime factors of 1860.
2, 3, 5, 31
What are the prime factors of 5125?
5, 41
What are the prime factors of 37254?
2, 3, 7, 887
List the prime factors of 1440.
2, 3, 5
List the prime factors of 1222.
2, 13, 47
List the prime factors of 1414.
2, 7, 101
What are the prime factors of 9345?
3, 5, 7, 89
List the prime factors of 12004.
2, 3001
List the prime factors of 10493.
7, 1499
What are the prime factors of 7632?
2, 3, 53
List the prime factors of 64003.
29, 2207
What are the prime factors of 4763?
11, 433
What are the prime factors of 315?
3, 5, 7
What are the prime factors of 9367?
17, 19, 29
What are the prime factors of 1160?
2, 5, 29
What are the prime factors of 6293?
7, 29, 31
What are the prime factors of 985?
5, 197
List the prime factors of 71535.
3, 5, 19, 251
What are the prime factors of 105013?
19, 5527
List the prime factors of 63966.
2, 3, 7, 1523
What are the prime factors of 2204?
2, 19, 29
List the prime factors of 1583.
1583
What are the prime factors of 3753?
3, 139
What are the prime factors of 65900?
2, 5, 659
List the prime factors of 1617.
3, 7, 11
List the prime factors of 10842.
2, 3, 13, 139
What are the prime factors of 71880?
2, 3, 5, 599
What are the prime factors of 5384?
2, 673
What are the prime factors of 3541?
3541
List the prime factors of 557.
557
What are the prime factors of 1227?
3, 409
What are the prime factors of 2116?
2, 23
What are the prime factors of 54779?
54779
What are the prime factors of 130?
2, 5, 13
What are the prime factors of 12839?
37, 347
List the prime factors of 7810.
2, 5, 11, 71
What are the prime factors of 5833?
19, 307
What are the prime factors of 5411?
7, 773
What are the prime factors of 930?
2, 3, 5, 31
List the prime factors of 21554.
2, 13, 829
What are the prime factors of 4054?
2, 2027
What are the prime factors of 1667?
1667
What are the prime factors of 92574?
2, 3, 37, 139
List the prime factors of 698.
2, 349
What are the prime factors of 910?
2, 5, 7, 13
What are the prime factors of 5238?
2, 3, 97
What are the prime factors of 1632?
2, 3, 17
What are the prime factors of 8656?
2, 541
What are the prime factors of 347?
347
List the prime factors of 46509.
3, 37, 419
What are the prime factors of 38048?
2, 29, 41
List the prime factors of 1560.
2, 3, 5, 13
List the prime factors of 2035.
5, 11, 37
List the prime factors of 68925.
3, 5, 919
What are the prime factors of 2043?
3, 227
List the prime factors of 28784.
2, 7, 257
What are the prime factors of 54876?
2, 3, 17, 269
What are the prime factors of 4?
2
List the prime factors of 1471.
1471
What are the prime factors of 3316?
2, 829
What are the prime factors of 67851?
3, 7, 359
List the prime factors of 3091.
11, 281
List the prime factors of 2447.
2447
List the prime factors of 2421.
3, 269
List the prime factors of 1313.
13, 101
What are the prime factors of 3335?
5, 23, 29
What are the prime factors of 1884?
2, 3, 157
List the prime factors of 60789.
3, 23, 881
What are the prime factors of 1070?
2, 5, 107
List the prime factors of 2599.
23, 113
What are the prime factors of 3046?
2, 1523
What are the prime factors of 48288?
2, 3, 503
List the prime factors of 1526.
2, 7, 109
What are the prime factors of 7254?
2, 3, 13, 31
List the prime factors of 3237.
3, 13, 83
What are the prime factors of 46275?
3, 5, 617
List the prime factors of 3748.
2, 937
List the prime factors of 65626.
2, 11, 19, 157
What are the prime factors of 1116?
2, 3, 31
List the prime factors of 55750.
2, 5, 223
What are the prime factors of 1370?
2, 5, 137
What are the prime factors of 8402?
2, 4201
List the prime factors of 30315.
3, 5, 43, 47
List the prime factors of 1886.
2, 23, 41
What are the prime factors of 13502?
2, 43, 157
What are the prime factors of 5156?
2, 1289
What are the prime factors of 6715?
5, 17, 79
List the prime factors of 50602.
2, 25301
What are the prime factors of 7381?
11, 61
What are the prime factors of 57338?
2, 28669
What are the prime factors of 1735?
5, 347
What are the prime factors of 514?
2, 257
List the prime factors of 9316.
2, 17, 137
What are the prime factors of 6543?
3, 727
List the prime factors of 8077.
41, 197
List the prime factors of 11248.
2, 19, 37
What are the prime factors of 8311?
8311
What are the prime factors of 2093?
7, 13, 23
What are the prime factors of 88115?
5, 17623
What are the prime factors of 1121?
19, 59
List the prime factors of 1800.
2, 3, 5
List the prime factors of 20138.
2, 10069
What are the prime factors of 3853?
3853
List the prime factors of 10790.
2, 5, 13, 83
What are the prime factors of 71314?
2, 181, 197
What are the prime factors of 1211?
7, 173
List the prime factors of 561.
3, 11, 17
What are the prime factors of 67484?
2, 16871
List the prime factors of 54885.
3, 5, 3659
List the prime factors of 23115.
3, 5, 23, 67
What are the prime factors of 1165?
5, 233
List the prime factors of 686.
2, 7
What are the prime factors of 19155?
3, 5, 1277
List the prime factors of 6158.
2, 3079
List the prime factors of 22053.
3, 7351
What are the prime factors of 1927?
41, 47
What are the prime factors of 12936?
2, 3, 7, 11
List the prime factors of 21713.
21713
List the prime factors of 6241.
79
List the prime factors of 1448.
2, 181
List the prime factors of 10702.
2, 5351
What are the prime factors of 9775?
5, 17, 23
List the prime factors of 1090.
2, 5, 109
List the prime factors of 2297.
2297
List the prime factors of 430.
2, 5, 43
What are the prime factors of 12277?
12277
What are the prime factors of 6290?
2, 5, 17, 37
What are the prime factors of 361?
19
List the prime factors of 17802.
2, 3, 23, 43
What are the prime factors of 6410?
2, 5, 641
What are the prime factors of 5394?
2, 3, 29, 31
List the prime factors of 67489.
67489
List the prime factors of 50919.
3, 11, 1543
List the prime factors of 3070.
2, 5, 307
List the prime factors of 325.
5, 13
What are the prime factors of 61125?
3, 5, 163
List the prime factors of 14078.
2, 7039
List the prime factors of 1746.
2, 3, 97
What are the prime factors of 70626?
2, 3, 79, 149
List the prime factors of 1382.
2, 691
What are the prime factors of 16001?
16001
What are the prime factors of 1271?
31, 41
What are the prime factors of 3603?
3, 1201
List the prime factors of 2377.
2377
List the prime factors of 2178.
2, 3, 11
What are the prime factors of 2914?
2, 31, 47
What are the prime factors of 2642?
2, 1321
List the prime factors of 7146.
2, 3, 397
What are the prime factors of 8648?
2, 23, 47
What are the prime factors of 198537?
3, 66179
List the prime factors of 62846.
2, 7, 67
List the prime factors of 23097.
3, 7699
What are the prime factors of 7133?
7, 1019
What are the prime factors of 1054?
2, 17, 31
List the prime factors of 38373.
3, 12791
List the prime factors of 4376.
2, 547
List the prime factors of 7197.
3, 2399
What are the prime factors of 850?
2, 5, 17
List the prime factors of 40538.
2, 20269
List the prime factors of 994.
2, 7, 71
What are the prime factors of 604?
2, 151
What are the prime factors of 24362?
2, 13, 937
What are the prime factors of 17110?
2, 5, 29, 59
What are the prime factors of 3221?
3221
What are the prime factors of 114225?
3, 5, 1523
What are the prime factors of 999?
3, 37
List the prime factors of 59396.
2, 31, 479
List the prime factors of 4169.
11, 379
What are the prime factors of 46683?
3, 7, 13, 19
What are the prime factors of 1709?
1709
What are the prime factors of 9097?
11, 827
What are the prime factors of 823?
823
What are the prime factors of 40625?
5, 13
List the prime factors of 1829.
31, 59
What are the prime factors of 23919?
3, 7, 17, 6